0
Calculate (-10 - -5 - -8) + 9 - (-42 + 33).
21
What is -3 + 2 - (-20 + -13 + (-1 - -15))?
18
What is the value of 30 - 20 - (-7 + -7 + 8)?
16
-28 - (14 + 5 + -12 - 15)
-20
What is 4 + -1 + -11 + -5 + -11 + 8?
-16
3 + (-21 - (0 + -3))
-15
Evaluate 15 - (-12 + 19) - -8.
16
What is the value of 1 - (3 + -10 + 0 - 8)?
16
What is 5 + -1 + -11 + -6 - 1?
-14
(8 + 1 - ((35 - 16) + -24)) + -7
7
What is -5 + 8 + -1 + -8 + 2?
-4
What is the value of -35 - -25 - ((-12 - -3) + 4)?
-5
What is the value of -3 - (-6 + (6 - -2) - (1 + -12))?
-16
Calculate 2 - (-5 + 20 + -30) - (-1 - -11).
7
What is the value of -10 + (-11 - (-11 + -1 + -3))?
-6
(-19 - -4 - 2) + -35 + 37
-15
30 + 0 - (10 - (20 - 23))
17
What is the value of 3 - -5 - (-12 - -4)?
16
Calculate 3 + -10 + (5 + -8 + 2 - 1).
-9
Evaluate -2 + (-6 - (18 - 41)) + (-7 - 1).
7
Evaluate (-23 - -44) + (-25 - -14).
10
Calculate 9 - (8 - (-6 + 6) - 1).
2
What is the value of 16 - (-6 - -13 - -1)?
8
(0 - (3 - 1)) + (-32 - (16 - 39))
-11
What is the value of 18 + (3 - (4 - -13 - (-5 + 13)))?
12
Evaluate -31 + 2 + 4 + -3 + 3 + -1.
-26
What is the value of -2 + -5 + (-2 - -12) + (17 - 5)?
15
Calculate 5 - (-3 + 1 + 6 + 1).
0
What is (0 - -20) + (-2 - -5) + -9?
14
What is 9 + -3 - 16 - -2?
-8
What is the value of -5 + (7 - -11) + (0 - -3 - 1)?
15
What is 67 + -9 + -35 + (-3 - 1) - 7?
12
What is 5 + -6 - (12 + 2 + (-4 - 10))?
-1
Evaluate (-44 - -47 - (-11 + 2)) + (-16 - -6).
2
Evaluate 8 - (-33 + (-20 - -35 - (10 - 2))).
34
What is -1 + 18 + -2 + 30 + (-77 - -48)?
16
Calculate 4 - (-9 + (6 - 5 - -5) + 4).
3
What is 6 + -1 + (-14 - (3 + -3 + -10))?
1
-2 - (-6 + -6 + 17 + -3 + -6)
2
Evaluate -2 + -10 + 106 + -84.
10
What is -25 + (2 - -1) - -5?
-17
Evaluate -1 + -16 - (24 - 60 - -2).
17
Evaluate -54 + 51 + (-1 - -3) + 3.
2
Calculate -2 - ((27 - 12) + -4 + -4).
-9
-3 - (-14 + -2 + 7) - 10
-4
What is 0 + -11 + 19 - -6?
14
-10 - (9 - 10) - (5 + -61 + 8)
39
What is -7 + (15 - 2) + 3?
9
What is (-4 + -2 - 27) + (13 + 15 - 16)?
-21
What is 4 + 1 + 4 + (3 - 11) - -10?
11
Evaluate -4 - ((-24 - (-10 - 4)) + 13).
-7
(-98 - -92) + (-3 - 0)
-9
What is 1 + 2 + 17 + -9 + -19?
-8
1 + -9 + (-3 - (10 - 14 - 3))
-4
Calculate (-22 + 1 - -8) + -3.
-16
What is the value of 9 + 12 + (4 - 14)?
11
Calculate 4 + (11 + -4 + -6 + 14 - -5).
24
Calculate 4 + -7 + 9 + -14 + 1 - 30.
-37
Calculate (-20 - (-2 - 19 - -6)) + 1 + -4.
-8
Evaluate (-12 - -6) + (6 + -12 - -22) + 4.
14
Calculate 1 + -1 + 3 - (-94 + 98).
-1
Calculate -1 + 17 - (-20 - (-62 - -48)).
22
Evaluate -5 - (10 - 8 - 0 - 6).
-1
What is the value of (7 - 10) + 7 + -7?
-3
What is -9 + 0 - (-12 + (13 - 0 - -8))?
-18
Calculate -3 - -2 - (4 + (0 - 8) + 1).
2
Evaluate (102 - 115 - (1 - (-1 + 1))) + -3.
-17
What is the value of -3 + 17 + 5 + -19 + 7?
7
(-38 - (-15 + -6)) + (8 - -6)
-3
What is -1 - (-7 - (-5 + -4)) - -4 - 17?
-16
What is the value of (-19 + 17 - 10) + 8?
-4
What is the value of 5 + -7 + 12 - 32?
-22
Evaluate 11 + (-7 + 10 - 32) + 7.
-11
(-10 - (-10 + 23 + 5 + -2)) + -4
-30
What is 12 + -37 + 10 + -2?
-17
What is the value of (33 - (-13 - -83)) + 9?
-28
What is the value of (-4 + 1 - -9) + -2 - 36?
-32
What is 10 + 10 + 11 + (10 - 18)?
23
Evaluate (89 - 86) + (-3 - 32) + 15.
-17
What is the value of -9 + -8 + 25 + -9?
-1
Evaluate (50 - 26 - 39) + (42 - 7).
20
-13 + (-14 + 35 - 4)
4
What is the value of (-19 - -33) + 10 - 36?
-12
(-13 - ((8 - 9) + -7)) + -2
-7
56 - 75 - (-1 - -1) - (-3 + -2)
-14
Calculate (13 - -2 - 12) + 10 + -7.
6
(9 - -1) + -12 - (-1 - 12)
11
Evaluate 0 + (-6 + 6 - 0) + (1 - 0).
1
(4 - (-3 + 4) - -1 - 14) + 6
-4
2 - ((0 - -19) + (20 - (31 - 2)))
-8
Calculate -3 + 13 + -77 + 58 - (-1 - -10).
-18
What is 11 - (-11 - -13) - 1?
8
What is 0 + -19 + (-21 - -30)?
-10
(115 - 124) + 12 + 1 + -26
-22
Evaluate -17 - (-37 + 20 - -6).
-6
What is -5 + (1 + 0 - -5) + (-6 - -18)?
13
What is the value of 61 + -50 + (14 - 11)?
14
Calculate -33 - (10 + -39) - (1 + 1 + 1).
-7
Evaluate 0 + (-6 - 1) + (-1 - -10).
2
(-26 - -21) + 16 - ((-2 - 0) + 0)
13
(-1 - -9 - (13 - (-6 - -13))) + 4
6
(-1 - 1 - 0) + 6 - (617 + -606)
-7
Evaluate -3 + 14 + -18 + -1 + 8.
0
What is 2 + -25 + (-2 - (-20 + 11 - -10))?
-26
Calculate 3 + 22 - 14 - 33.
-22
Calculate -12 + 11 + -2 - 4.
-7
17 + 10 + 1 + -32 + -4
-8
(37 + -17 - 26) + (-6 - 2)
-14
What is the value of 6 + -2 + (1 - 4) + 3 - 3?
1
Evaluate 2 + -1 + (19 - 2) + (-34 - -20).
4
Evaluate -12 + -1 + -16 + 4.
-25
Calculate -1 - ((22 - 22) + 10 + (10 - 0)).
-21
Evaluate -6 + (-24 - (-17 + -25)).
12
-14 - (31 + (-69 - -27))
-3
Calculate -20 + 2 - (38 - (-39 - -92)).
-3
What is the value of -2420 + 2431 + (-8 - (1 + 1 + 0))?
1
What is 14 + (1 - ((-17 - -27) + 4 + -9))?
10
Calculate (13 - (24 - 8)) + 7.
4
What is the value of -8 - (-15 - 5) - (-3 - -6 - 9)?
18
-37 + (-9 - (14 - 12) - -28)
-20
16 + 1 - (-37 - (22 + -65))
11
-117 + 103 + (2 - -10)
-2
(11 - 18) + 6 - 12
-13
What is the value of (-6 - ((-6 - -3 - -1) + -1)) + -6?
-9
Evaluate 25 + -34 + -2 + -4 + 5.
-10
What is the value of (-1 - 1) + -1 + 176 + -176 - 6?
-9
Calculate 0 + 14 - ((-26 - -2) + 30).
8
Calculate 7 + -4 + (15 + -3 - (-49 + 89)).
-25
-13 + (8 - (6 - (14 - 15)))
-12
What is -9 - -2 - -14 - -2 - (1 + 1)?
7
(30 - 61) + 62 - 14
17
Evaluate 9 + (5 + -30 + 18 - -15).
17
Evaluate (-2 - -8 - 0) + 3 - -1.
10
What is (22 - 6 - (-3 - -11)) + -6?
2
Evaluate ((-16 - -33) + -11 - (-1 + 2)) + -24.
-19
Evaluate (1 - 12) + (-7 - -10) + -33 + 8.
-33
(1035 - 1027) + (10 - (3 + -5 - -5))
15
What is the value of (-59 - -47) + 1 + 1?
-10
Evaluate -9 + 5 + -7 + 1 + 3.
-7
Calculate 1 + 3 + -6 + 2 + (1 - 26).
-25
Evaluate (0 + 3 - 2) + -6 + (-93 - -87).
-11
Calculate 17 + (-16 - 0) + (2 - (-1 + 17)).
-13
(-16 - -16) + 8 - 5
3
Evaluate 65 - (-16 - (33 - 85)).
29
Evaluate -38 + 71 - (12 + (-5 - -3)).
23
Calculate -66 + 37 + -25 + 66.
12
Calculate -2 + (-14 - (-3 + -7)).
-6
Evaluate -21 + (-13 - -1) - -12.
-21
Calculate 11 - ((8 - -3) + (-3 - 1)).
4
-11 + (-12 - -28) + (-2 - 4 - 0)
-1
What is (2 - -6) + -37 + 33 + 2 + -2?
4
What is the value of -2 + 14 + -11 + -14 + 9 + -9?
-13
5 - (-13 + 1) - 8 - (-2 + 6)
5
What is the value of 12 + -14 + (-6 - -26)?
18
1 + 0 + -5 - (-7 - 9)
12
Calculate 37 - (3 + (17 - -20)).
-3
6 + 6 + 1 + -8 - (2 - -4)
-1
Calculate 1 - (10 - 10 - (-4 + 8 + -8)).
-3
Calculate -9 + (-2 + 0 - (61 - 62)).
-10
Evaluate 24 - (9 + 3 + 17) - (-1 + -37).
33
What is the value of 10 + 12 + -13 - -1?
10
Calculate -29 - ((-28 - 19) + -16).
34
Calculate -8 + -1 + 25 + (1 - -2 - -4).
23
(1 - (-7 - -4) - 26) + (-261 - -269)
-14
25 + (-13 + 36 - 44)
4
Evaluate -6 + -9 + 26 + -22.
-11
Calculate 2 + -1 - 3 - (2 - -33 - 48).
11
Evaluate 11 - (19 - 36 - (1 - 18)).
11
Evaluate -31 - (28 + -7 + -56).
4
What is the value of -27 + (39 - (-11 + 36))?
-13
What is the value of 8 - (16 - (-14 + 12))?
-10
What is the value of -6 - (2 - (8 + -7) - (-1 + -6))?
-14
What is -2 + (-6 - (-2 + -5 + 5)) + -10?
-16
What is the value of (13 - (17 + 2) - -43) + -10?
27
What is 8 - ((0 - (-12 + 7)) + 4)?
-1
Evaluate -7 + (-7 - -14 - (-4 + 2)).
2
(-1 - -11) + (8 - (27 + -13))
4
-15 + -2 + 3 + 17
3
What is (2 - -7) + (-4 - -4 - -8 - 26)?
-9
Evaluate (12 - -11) + 0 + -11.
12
Calculate -6 + 3 + (-16 - -23).
4
Evaluate (24 + -11 - 5) + -9 + (-2 - 4).
-7
What is the value of (-10 - -1) + (11 - -1 - 4 - 4)?
-5
Calculate 4 - (19 - (2 - (3 + -8))).
-8
Evaluate (0 - (-3 - -25) - -9) + -2.
-15
Evaluate (0 - 2) + 2947 + -2944.
1
Calculate 2 + -13 - -22 - -9 - 9.
11
Calculate (47 - (-35 + 60)) + -24.
-2
What is the value of -1 - (-7 + (35 + 7 + -15 - 6))?
-15
Calculate (15 - -2 - 2) + -15 - (1 + -7).
6
What is the value of -21 - (-52 + 21 + 7)?
3
Evaluate (-61 - -48) + 9 + -9.
-13
What is the value of (5 - 13) + -15 + 25?
2
What is the value of 2 - (8 + -4 + (-1 - (0 + 1)))?
0
What is the value of 1 + -2 + 8 - -1?
8
Evaluate 2 + 2 + -9 - (3 - (-4 - -5)).
-7
What is 1 + 11 + 66 + -78?
0
Calculate (7 - 1) + (-39 + 28 - (-1 - -5)).
-9
What is -16 + -1 + 20 + 1 + (-28 - -1)?
-23
What is (3 + -3 - (-8 + 7)) + 1 + 20?
22
Evaluate 2 + -32 - ((1 - -11) + -69 + 47).
-20
Evaluate -4 - ((-17 - -5) + -3 + 7).
4
What is 22 - (3 - (-13 - (-2 - 9)))?
17
What is the value of 0 - (-27 + 26 - (-2 - -20)) - 11?
8
-33 - 6 - (-56 - -34)
-17
What is -6 - (0